 what is 210231022 + 30333?
210322021
In base 14, what is -660b3a + 9?
-660b31
In base 11, what is 2088 + 53a1?
7479
In base 5, what is -404 - -4241032?
4240123
In base 3, what is -20012220 - 2000022212?
-2020112202
In base 15, what is -47b + -ce9b?
-d427
In base 4, what is 1131013112122 + -10?
1131013112112
In base 8, what is 3162 + -213661?
-210477
In base 13, what is -98cc + 35c?
-9570
In base 10, what is 206 - 51645?
-51439
In base 8, what is 1277 + -3431006?
-3427507
In base 7, what is 43003642 + -1?
43003641
In base 7, what is 2 - 242152303?
-242152301
In base 10, what is 208646 + -41?
208605
In base 14, what is -2d85 + 2?
-2d83
In base 9, what is -24 - -543125?
543101
In base 5, what is 142321231104 - 2?
142321231102
In base 12, what is -6040a991 + 1?
-6040a990
In base 9, what is 7867451 + -6?
7867444
In base 13, what is 2 - -17a276?
17a278
In base 12, what is -2 + -152972?
-152974
In base 9, what is 3 + 11580863?
11580866
In base 9, what is -2 - -13616533?
13616531
In base 3, what is 102002 + 22210201022?
22211010101
In base 4, what is -300 - 30301003?
-30301303
In base 15, what is 17c - 62e21?
-62c94
In base 12, what is -1 - -380a43b7?
380a43b6
In base 8, what is -4210301 + -1?
-4210302
In base 12, what is -a41a7527 - 5?
-a41a7530
In base 9, what is -46 - 55850?
-56006
In base 3, what is 200201 + 111122112110?
111200020011
In base 13, what is 24 - 252873c?
-2528718
In base 9, what is -2317701 + -1222?
-2320023
In base 16, what is -7966 - -4b?
-791b
In base 4, what is 11113231 - 13030?
11100201
In base 14, what is -22ac44 + 27d?
-22a9a5
In base 9, what is -616 + 130536?
128820
In base 12, what is -797b - -63b?
-7340
In base 15, what is -1e06 - 1ed?
-2104
In base 6, what is 332 + -12342014?
-12341242
In base 7, what is 56 + -552560?
-552501
In base 4, what is -110020332 - -1101?
-110013231
In base 16, what is 6 - -454595?
45459b
In base 14, what is 7 + -3826a17?
-3826a10
In base 16, what is -1b6033 + -4?
-1b6037
In base 7, what is 120142 - 35?
120104
In base 6, what is -211501 - 111442?
-323343
In base 11, what is 1 - -2204887?
2204888
In base 13, what is 13c + -9544b?
-9530c
In base 13, what is 176a - 599?
11a1
In base 9, what is -670 - -75084?
74314
In base 7, what is 24634204 + 42?
24634246
In base 10, what is 91 + 1105596?
1105687
In base 2, what is -10110 - -1001000001110011?
1001000001011101
In base 4, what is -323 - -3001132111?
3001131122
In base 3, what is 22020202111 + 102?
22020202220
In base 7, what is 413 + -4160040?
-4156324
In base 11, what is -a9a4a5 - -73?
-a9a432
In base 13, what is -3 - -6b84a0?
6b849a
In base 2, what is -101100100110000 - -101010110001?
-100111001111111
In base 10, what is 38956760 - -1?
38956761
In base 9, what is 11447 - 218210?
-206652
In base 5, what is -1302331140 + -4?
-1302331144
In base 10, what is 1845438 - -94?
1845532
In base 7, what is 2661106605 + 0?
2661106605
In base 13, what is 2 + -6c0b624c?
-6c0b624a
In base 9, what is -343 + -18480?
-18833
In base 13, what is -7c007169 - 5?
-7c007171
In base 5, what is -110 + 10014312224?
10014312114
In base 6, what is -1045 - 23412415?
-23413504
In base 8, what is 327606 + -130?
327456
In base 5, what is -14321223121 + -13?
-14321223134
In base 12, what is -1216 + 9b37?
8921
In base 8, what is 6 - -7017727?
7017735
In base 5, what is 10 - 424402240?
-424402230
In base 10, what is 3 - -879809?
879812
In base 11, what is a537 - a2?
a445
In base 5, what is 3142213422014 - -2?
3142213422021
In base 3, what is -1122220100 + -1202?
-1122222002
In base 9, what is -32345 - -62341?
28885
In base 13, what is c6 - -c66a1?
c6797
In base 15, what is 1a54 - 3826?
-1cc2
In base 3, what is 21200110012200221 - 12?
21200110012200202
In base 12, what is 10 + 44735?
44745
In base 5, what is 0 - 211141430242?
-211141430242
In base 13, what is -4 - 2c14b8a6?
-2c14b8aa
In base 11, what is -68 - -531701?
531644
In base 13, what is 140 + 5a14cb?
5a163b
In base 13, what is -3 + -c188c0c?
-c188c12
In base 9, what is 3 + 10066823?
10066826
In base 6, what is -253 + 151542?
151245
In base 14, what is -19 - 114338?
-114353
In base 7, what is -63501402 + -336?
-63502041
In base 3, what is -11 + -12120022111021?
-12120022111102
In base 15, what is 40e467 + 15b?
40e5c3
In base 13, what is -b6235 + -42?
-b6277
In base 8, what is -26117513 + -25?
-26117540
In base 5, what is 10141302330 - -32?
10141302412
In base 16, what is -abb + -1e231?
-1ecec
In base 3, what is -1111 + -121002001?
-121010112
In base 14, what is -12b1c - 166?
-12c84
In base 5, what is 123142 + 21312?
200004
In base 3, what is -2 - -20210020211212?
20210020211210
In base 15, what is 4539c2 - -90?
453a62
In base 4, what is -1223212 + -1321331?
-3211203
In base 6, what is -1452535 - -10?
-1452525
In base 12, what is 149aa0 - 965?
149137
In base 6, what is -1130 - -10001212?
10000042
In base 7, what is -303 + -10004525?
-10005131
In base 15, what is 0 - -56b2b?
56b2b
In base 14, what is 17765 - -6b?
177d2
In base 2, what is 11 + -10100100010101000000111?
-10100100010101000000100
In base 12, what is -1176 + -2052?
-3208
In base 8, what is 1726144 + -170?
1725754
In base 16, what is 2 - -af6a10?
af6a12
In base 15, what is 33bde - e?
33bd0
In base 5, what is -4113 + 301333?
242220
In base 16, what is 14fcdb + dd?
14fdb8
In base 10, what is -2037585 - -6?
-2037579
In base 14, what is 4141 - -1db?
433c
In base 8, what is 33536241 - -4?
33536245
In base 9, what is 5266012 - 560?
5265342
In base 12, what is 75243 - -128?
7536b
In base 11, what is -14939 - 122?
-14a60
In base 16, what is 3a - 453f05?
-453ecb
In base 3, what is -11220222120 + -101?
-11220222221
In base 2, what is 10110100111001011110000 - 11?
10110100111001011101101
In base 15, what is 2073c + 44?
20781
In base 15, what is -270d366 - c?
-270d373
In base 8, what is 53 + 3771055?
3771130
In base 5, what is 1141134333 + 10?
1141134343
In base 11, what is -1 - 54278395?
-54278396
In base 15, what is -eccea8 + 0?
-eccea8
In base 11, what is -1a + 2647a59?
2647a3a
In base 9, what is 2062618 - -1?
2062620
In base 12, what is 2 + 63b9851?
63b9853
In base 7, what is -3 + -31010320?
-31010323
In base 9, what is -10310 - 15887?
-26307
In base 3, what is -10220112111121010 + -10?
-10220112111121020
In base 13, what is -2 + -21ccb66?
-21ccb68
In base 14, what is -2 + 7c4d8?
7c4d6
In base 7, what is 4560121 + -4211?
4552610
In base 4, what is -1322033000 - 2120?
-1322101120
In base 7, what is -302 - 134432?
-135034
In base 6, what is 51233231442 + 0?
51233231442
In base 8, what is 3332 + -7062?
-3530
In base 9, what is 3231 - -10411?
13642
In base 13, what is -1 - -1acb8947?
1acb8946
In base 4, what is 2032 - -12132011022?
12132013120
In base 3, what is 12100122200201102210 + 11?
12100122200201102221
In base 8, what is 1 - 252021116?
-252021115
In base 12, what is 67a + -45157?
-44699
In base 14, what is 5 + -d0b66a?
-d0b665
In base 14, what is 18 - -506178?
506192
In base 14, what is -5 - -4907ab?
4907a6
In base 15, what is -1c + -49b74?
-49b91
In base 6, what is -102552 + 500?
-102052
In base 5, what is 10 - 42324122324?
-42324122314
In base 14, what is -1 - 5a4ad2c?
-5a4ad2d
In base 6, what is -332431 - -143154?
-145233
In base 9, what is -5 + 28213382?
28213376
In base 8, what is 6 + -1534711?
-1534703
In base 4, what is 32200 - 10020?
22120
In base 3, what is -112 + -22200011222021?
-22200011222210
In base 14, what is -5 - 5a7b6c?
-5a7b73
In base 7, what is -1005314 - -1131?
-1004153
In base 9, what is -40715 + 14?
-40701
In base 15, what is 2dc + 49a5?
4c92
In base 4, what is 132303012 - -2?
132303020
In base 13, what is 6648 + -7a79?
-1431
In base 8, what is 42267 - 107655?
-45366
In base 9, what is 1300 - -127854?
130254
In base 7, what is -110264421 + 66?
-110264322
In base 4, what is 133330100212 - -1?
133330100213
In base 12, what is 621 - 10753?
-10132
In base 9, what is 33578 + -10107?
23471
In base 14, what is a5089 + -28?
a5061
In base 7, what is -564 + -306255?
-310152
In base 8, what is 255611 + 31?
255642
In base 2, what is -1000010010 + -10110000111000011?
-10110001111010101
In base 15, what is -e02cc + -b?
-e02d8
In base 2, what is 1011111101 + 10110100100000?
11000000011101
In base 10, what is -22 - 8175182?
-8175204
In base 2, what is -10111 - -